- 5*k**2 - 4*k + 3. Let c be g(-4). Suppose -c*y - 7 = -25. What is the remainder when y is divided by 4?
2
What is the remainder when (-98)/(-1) - (2 + 3/(-1)) is divided by 17?
14
Suppose 4*f - 152 = -4*f. What is the remainder when 35 is divided by f?
16
Let g = -7 - -10. Suppose 260 = -3*q + 8*q. What is the remainder when q is divided by 1/1 + 51/g?
16
Suppose v + o = -4*v + 208, 0 = -2*v - o + 85. Calculate the remainder when 160 is divided by v.
37
Let i = 126 - 73. What is the remainder when i is divided by 8?
5
Calculate the remainder when ((-129)/(-12))/(5/20) is divided by 15.
13
Suppose 2*j + 0 = 28. Calculate the remainder when 40 is divided by j.
12
Calculate the remainder when 38 is divided by (-3 - -4) + 2 + 17.
18
Let x = 3 - -20. Calculate the remainder when x is divided by 8.
7
Suppose -5*n + 139 = -4*y - 279, y = -5*n + 408. Calculate the remainder when n is divided by 29.
24
Let c = -4 + 2. Calculate the remainder when c/(-3 - -1) + 13 is divided by 4.
2
What is the remainder when 34 is divided by 2/(-5) + 368/20?
16
Suppose 0 = 3*y + 4*m - 56, 2*y + 22*m - 43 = 25*m. Calculate the remainder when y is divided by 5.
0
Let x(j) = 3*j - 4 + 8 - j**2 + j. Suppose 0*p - p - 16 = -2*g, -12 = 3*p. Calculate the remainder when g is divided by x(4).
2
Suppose -4*v = 2*k - 78, 3*k = 4*k + 3. What is the remainder when -1 + 3/(6/80) is divided by v?
18
Let l(o) = -2*o**3 + 14*o**2 + 2*o - 10. Let q = -14 + 24. Calculate the remainder when q is divided by l(7).
2
Let m(a) = -7*a - 45. Calculate the remainder when 44 is divided by m(-10).
19
Suppose 0 = 25*m - 31*m + 102. Calculate the remainder when 79 is divided by m.
11
Suppose 5 = 2*j - j. Let x be (-8)/3*(-9)/6. Suppose -c - c + x = 0. Calculate the remainder when j is divided by c.
1
Let n = -12 - -22. What is the remainder when n is divided by 2?
0
Suppose a = 4*a - 21. Suppose 5*b = -3 + 18. Suppose -53 = -3*v - 5*m, 3*v + 4*m - b*m - 37 = 0. Calculate the remainder when v is divided by a.
4
Let j(s) = s**3 - 3*s**2 - 3*s - 3. Let h be j(4). Let g(t) = 3*t - 4. What is the remainder when g(3) is divided by 3 - ((1 - h) + 1)?
1
Let b(t) = -t + 16. Let o(f) = f**3 + 8*f**2 + 5*f + 3. Calculate the remainder when o(-3) is divided by b(4).
9
Suppose -5*q + 2*q + 24 = 0. Suppose q = -4*d - 2*f, -2*d + 3*f + 12 = d. Let m = 3 + d. Calculate the remainder when 5 is divided by m.
2
Suppose -j = r - 15, -2*j + 3*r - r + 46 = 0. What is the remainder when j is divided by 5?
4
Let s(v) = -v**2 + 3*v + 1. Let o be s(3). Calculate the remainder when 14 is divided by (-2 - -1)*(o + -6).
4
Let c = -22 - -36. Let m = c - -7. What is the remainder when m is divided by ((-12)/5)/((-2)/10)?
9
Let q = 45 + -18. What is the remainder when q is divided by 6?
3
Let b(y) = y**3 - 11*y**2 - 12*y + 12. Let q be (-7)/((-7)/3) - -9. What is the remainder when b(q) is divided by 3?
0
Calculate the remainder when 46 is divided by (-1)/3 - (-584)/24.
22
Let x(n) = n**3 + 9*n**2 + 7*n + 1. Calculate the remainder when 16 is divided by x(-8).
7
Suppose 22 - 91 = -3*x. Suppose 0*q - 10 = 5*q, 2*q + 6 = p. What is the remainder when x is divided by 0/(p + 3) + 12?
11
Suppose -7*h - 65 = -2*h. Let n(o) = 2*o + 1. Let w be n(-5). Let c = w - h. Calculate the remainder when c is divided by 3.
1
What is the remainder when ((-1)/2)/(5/(-350)) is divided by 18?
17
Let g be -38*-1*(-2)/(-4). Let h = -5 + g. Suppose -26 = -4*b + 78. What is the remainder when b is divided by h?
12
Suppose 3*d - 20 = -d. Suppose d*a = x + 183, -2*a = -7*a + 2*x + 181. Calculate the remainder when a is divided by 13.
11
What is the remainder when (26/(-6))/(11/(-33)) is divided by 4?
1
Suppose -2*v = -v + 12. Calculate the remainder when 1 + (2 - 0) - v is divided by 6.
3
Let t(l) = -12*l - 7. Let b be t(-8). Suppose -b = -5*w - 24. What is the remainder when 36 is divided by w?
10
What is the remainder when 35 is divided by (4 - (-12)/18)*3?
7
Let n = -5 - -14. Let k = 50 - 16. Calculate the remainder when k is divided by n.
7
Let d(p) = -p**2 - 8*p + 9. Let c(m) = -m**3 + 5*m**2 + 8*m - 5. Let b be c(6). Suppose -b*o = -2*o - 170. Calculate the remainder when o is divided by d(-8).
7
Let g(u) = -2*u**3 - 5*u**2 + 3*u - 3. Let v be g(-4). Let y = v - -1. What is the remainder when y is divided by 18?
16
Suppose -3*w = -6*w + 6. Let z = w + 6. Calculate the remainder when z is divided by 3.
2
Calculate the remainder when 89 is divided by 31 + -7 + 4 + -4.
17
Let f = 43 - 11. Calculate the remainder when f is divided by 11.
10
Suppose 4*h - 52 = -0*f + 4*f, -h + 4*f = -22. Let j = -19 + 21. Suppose j*z - 145 = -3*z. Calculate the remainder when z is divided by h.
9
Suppose 5*n - 185 = 65. Let o = -30 + n. What is the remainder when o is divided by 11?
9
Let c be 2/4 - (-25)/(-2). Let q = -18 + 42. Let u = c + q. What is the remainder when 23 is divided by u?
11
Calculate the remainder when 38 is divided by 3/(-9)*2 - 130/(-6).
17
Calculate the remainder when 37 is divided by ((-32)/(-10))/(4/(-30)*-3).
5
Let h = 1 + 6. Suppose -3*c - 8 + 35 = 0. Let y = c - 6. What is the remainder when h is divided by y?
1
Suppose 17 = -2*f + 5*r, r - 3*r = 3*f - 22. Calculate the remainder when 21 is divided by f.
1
Suppose 3*f = 7*f + 32. Let u = f - -6. Calculate the remainder when 31 is divided by ((-32)/u)/(1 + 1).
7
Let r(v) = v**3 + 2*v**2 - 1. Let k be r(-2). Let m be 2 - 4/(k*2). Suppose 0*o + m*o + 70 = 3*b, -20 = 5*o. Calculate the remainder when b is divided by 10.
8
Let x be (-3 + 2)*1 - -6. Suppose 5*u + 3*c = 17, 0 = x*u - 5*c + 10 + 5. Calculate the remainder when u is divided by 1.
0
Let w(c) = -4*c - 1. Let v(u) = u**2 - u - 2. Let q be v(3). Suppose i + 96 = q*i. What is the remainder when i is divided by w(-3)?
10
Let o(t) = -20*t - 30. Let p(d) = -7*d - 10. Let l(u) = -6*o(u) + 17*p(u). Calculate the remainder when 2430/126 - (-4)/(-14) is divided by l(0).
9
Let b = -10 + 15. Calculate the remainder when 23 is divided by b.
3
Let i(h) = -h**3 + 2*h**2 + 3*h - 6. Let q be i(3). What is the remainder when 19 is divided by (40/q)/(16/(-24))?
9
Let u = -7 + 6. Let v(a) = -2*a + 1. Let j be v(u). What is the remainder when (-2)/j - (-76)/6 is divided by 7?
5
Let h(r) = 40*r - 12. What is the remainder when 110 is divided by h(1)?
26
Let i(k) = 7*k + 1. Let a = 3 - 1. What is the remainder when i(a) is divided by 6?
3
Let u be 63/6*(-24)/(-7). Suppose 0*a + 4*t - 24 = -5*a, 0 = -5*a - t + u. What is the remainder when 11 is divided by a?
3
Let i(t) = -t - 2*t + 5 + 4*t. Let l(k) = k**3 + k - 3. Let g be l(0). What is the remainder when i(g) is divided by 2?
0
Suppose -2*b + 3*c + 30 = 0, 5*c + 14 + 24 = 2*b. Suppose 24 = 3*j - 24. Calculate the remainder when j is divided by (b/2)/((-6)/(-8)).
4
Let z(c) = -2*c**3 - 8*c**2 - 3*c + 16. Calculate the remainder when z(-5) is divided by 29.
23
Let j = 3 + 8. Calculate the remainder when (-2)/4*11/((-55)/210) is divided by j.
10
Suppose -1 = 4*a - 5. What is the remainder when a is divided by 30/(-6) + -2 + 8?
0
What is the remainder when (-8)/40 + (-72)/(-10) is divided by 4?
3
What is the remainder when 40 is divided by (10/(-15))/(2/(-42))?
12
Let t(z) = 2*z + 8. Calculate the remainder when 98 is divided by t(6).
18
Calculate the remainder when -4 + 76/20 - (-76)/5 is divided by 4.
3
Let x(d) = d**3 + 6*d**2 - 2*d + 8. Calculate the remainder when x(-5) is divided by 12.
7
Let g = 12 - 7. Suppose -k - k = 3*f - 14, 0 = -g*f. Let x = 77 + -72. What is the remainder when k is divided by x?
2
Let x = 79 - 46. Suppose -3*w + x = 21. Suppose 0 = 4*n - 34 - 18. What is the remainder when n is divided by w?
1
Suppose 2*b = 10, -2*b = -3*n - 2 + 1. Suppose -41 = -n*d + 25. Suppose 0*l = l - d. What is the remainder when l is divided by 12?
10
Let l(g) = -11*g - 8. What is the remainder when l(-6) is divided by 15?
13
Let s be -11 - -1 - (-6)/2. Let b = -4 - s. Calculate the remainder when (1*-1)/((-2)/10) is divided by b.
2
What is the remainder when 21 is divided by (-63)/(-6) - 1/(0 - 2)?
10
Let m(u) = u**3 - 8*u**2 - 8*u - 6. Let n = 3 - -6. What is the remainder when 5 is divided by m(n)?
2
Let t(z) = 3*z**2 - 2*z - 4. Let k(o) = -7*o**2 + 3*o + 8. Let y(h) = -2*k(h) - 5*t(h). What is the r